25
Let q be (20/7)/((-36)/(-126)). Let k(t) = 5*t**2 + 4*t**2 + 0*t**2 + 5 + 6*t + 3*t - t**3. Determine k(q).
-5
Suppose 2 = 3*p - 4. Let z(c) = -6 + 2*c - p + c**3 - c**2 - 3*c. Let a = -7 + 7. Determine z(a).
-8
Let z(x) = -x**3 + 10*x**2 + 10*x + 19. Let j(i) = -89*i + 189. Let d be j(2). Determine z(d).
8
Let t(f) = -f**2 + 11*f + 14. Let m be t(12). Let v(j) = j + 0 + 3 - j + 3*j + m*j**2. Give v(-2).
5
Let d = -2488 + 2490. Let k(j) = -j**3 + j**2 + j + 1. Let u(s) = 2*s - 2. Let a(r) = -k(r) - u(r). Determine a(d).
-1
Let k(q) be the first derivative of q**4/4 - 2*q**3 - 3*q**2 - 4*q - 1. Suppose -46*a + 56*a - 70 = 0. What is k(a)?
3
Let u(h) = -h**3 - h**2 - h + 1. Suppose 234*a = 236*a + 4. Calculate u(a).
7
Let s(y) = -3*y + 2*y - 1 - y + 3*y - 24. What is s(13)?
-12
Let y(m) = -m**3 + 21151*m - 3 - 21151*m. Give y(0).
-3
Let z(j) = -13*j**3 - 3*j**2 + 11*j + 40. Let o(u) = 8*u**3 + 2*u**2 - 7*u - 27. Let i(v) = 8*o(v) + 5*z(v). Determine i(0).
-16
Let z(k) = -2*k - 5. Suppose 0 = -c - 1 + 2, -4*g = -2*c + 14. Let n be (-2)/(-2)*1 - g. Let p be -3 - n - 3/(-1). Give z(p).
3
Let s(g) = -100*g + 196*g - g**2 - 104*g. Suppose 2*r + 4 = 4*c, -4*r + 9*c = 4*c + 14. Determine s(r).
12
Let k(s) = s**2 - 42*s + 95*s - 62*s. Determine k(10).
10
Suppose 58*a + 3 = -577. Let x(l) = -l**2 - 11*l + 7. Determine x(a).
17
Let o be (60/150)/(2/10). Let n(g) = 12*g - 3. What is n(o)?
21
Let t(z) = z**2 - 2*z + 4. Let w(v) = v**2 - 3*v + 5. Let k(y) = 4*t(y) - 3*w(y). Let x = 21 + -22. Determine k(x).
1
Let r(z) = z - 5. Let g be r(5). Let a(y) = -y + 8. Let f be a(g). Let n(b) be the third derivative of -b**5/60 + b**4/3 + b**3/2 + 17*b**2. Give n(f).
3
Let r(n) = 2*n**2 + 4*n - 11. Let t = 615 + -620. What is r(t)?
19
Let k(q) = 30*q**2 - q - 1. Let b be k(-1). Let i be ((-20)/b)/((-2)/(-75)). Let a be (30/i)/(9/30). Let p(l) = -l**3 - 3*l**2 + 4*l + 1. Calculate p(a).
1
Let b(m) = m**2 + 5*m. Suppose 7*z - 2*z + 25 = 0. Let d be 2*5*z/10. Give b(d).
0
Let c = 23 - 4. Let x(m) = -3*m**2 - 8*m + 17. Let i be x(-5). Let k = c + i. Let q(w) = -8*w**2 - 1. Give q(k).
-9
Let f be (11 - 5) + -3 + (-8 - 0). Let l(q) be the third derivative of -q**5/60 - q**4/4 + q**3 + q**2. Calculate l(f).
11
Suppose 4*y = -g - 14, -13*g + 8*g - 4*y - 6 = 0. Let n(r) = r**3 - 5*r**2 + 4*r + 5. Let v be n(4). Let c(z) = -z + v*z - 4*z + 1 - 2*z. What is c(g)?
-3
Let k = -15 - -11. Let s(w) be the second derivative of 1/3*w**3 + 0 - 1/2*w**2 + 9*w. Give s(k).
-9
Let l(w) = 3*w + 2. Let x(h) = -2*h + 8. Suppose -3*u + 25 = 2*y, 2*u - 3 - 7 = 2*y. Suppose -23 = -3*f - 2*s, 9 = 5*f - u*s + 3*s. Let b be x(f). Give l(b).
-4
Suppose 3*l = -3*m + 6, -18 = l - 6*m + 2*m. Let v(w) = -7*w**2 + w - 2. Calculate v(l).
-32
Let z = -8 + 11. Let y(n) = 6*n + 0*n - z*n - 9. Let c = -4 + 10. Give y(c).
9
Let l(o) = -2*o + 4. Let r be 2 - 8/(-1 - -5). Let q be l(r). Let x(h) = h**3 - 4*h**2 - 2*h + 1. Give x(q).
-7
Let j(q) = 10*q**2 - 5 - 4*q + 2*q + 16*q - 10 - q**3. What is j(11)?
18
Let j(w) be the first derivative of w**4/2 + 13*w**3/3 + 7*w**2/2 + 10*w - 5. Let v be j(-6). Let k(y) = -y - 1. Give k(v).
-5
Let t(l) be the third derivative of -l**6/120 - 3*l**5/20 + l**3/3 + l**2 - 24. What is t(-9)?
2
Let x(u) = u**3 + 6*u**2 + 4*u - 7. Let c be ((-73)/4)/(14/56). Let p = -78 - c. Calculate x(p).
-2
Suppose -2*h + 2*z = 3*h - 53, -2*h + 5*z + 38 = 0. Let o(r) = r**3 - 10*r**2 + 12*r - 11. Let d be o(h). Let f = d + -19. Let c(p) = -2*p - 1. Give c(f).
5
Let y(l) = l**2 - 3*l + 2. Let p(q) = -5*q - 156. Let k be p(-32). Calculate y(k).
6
Suppose -2*g = -5*i + 23 - 0, 4 = 2*g + 4*i. Suppose -4*j = 5*o - 6*o - 25, -o = j. Let y(w) = 15*w + 0*w**2 - j*w**2 - 2 - w**3 + 3 - 18*w. Give y(g).
-3
Let w(q) = 5*q**2 - q + 1. Suppose -2*u = 5*n + 2*u - 25, 0 = -2*u. Let s(l) = -l - 2. Let d be s(0). Let o be (n/15)/(d/(-6)). Determine w(o).
5
Let w(k) be the third derivative of -k**5/20 + k**3/3 - k**2 - 245*k. Let u = -3 - -1. What is w(u)?
-10
Suppose b + 0*f + 4*f + 14 = 0, 16 = -4*f. Suppose -5*k + j = -8, 5*k + b*j = -1 + 15. Suppose -8*p + 10*p = k. Let d(a) = 3*a + 1. Calculate d(p).
4
Let v(r) = -3*r**2 + 16*r + 1. Let z(p) = 5*p + 1. Let m(h) = -v(h) + 3*z(h). Calculate m(2).
12
Let p(f) = -f + 12. Let v be 30/4 - (-5)/(-10). What is p(v)?
5
Let j(a) = a**2 + 23*a - 139. Let z be j(-28). Let v(r) = -r**2 - r - 1. Let g(s) = -2*s**2 + 6*s + 3. Let m(c) = -g(c) - 4*v(c). Calculate m(z).
5
Let k be (-1120)/(-175) - (-6)/10. Let o(s) = -8 - s**2 + 11*s + s - 3*s + 0*s. What is o(k)?
6
Let q(n) = -10 + n - 19 + 23. Suppose -17 = -5*b + 2*j, 3*b - 2*j - 13 + 2 = 0. Calculate q(b).
-3
Let f(y) be the second derivative of -2*y**2 + 0*y**3 + 0 - 1/20*y**5 + 1/3*y**4 + 7*y. Let k be f(4). Let q(w) = -w**3 - 4*w**2 - 2*w + 1. Determine q(k).
9
Let m(j) = 27*j**2 - j. Suppose -2*k = a - 5*k - 1, 2*a - 2 = -4*k. What is m(a)?
26
Let v(u) be the second derivative of u**5/20 + 2*u**4/3 + u**3 + 7*u**2/2 - u. Let h(w) = -w**3 + 29*w**2 - 103*w + 5. Let s be h(4). Give v(s).
14
Suppose 2*q + 5 = 5*z - 0, 5 = -5*z + 4*q. Let p = 912 - 905. Suppose 24 = -p*l + z*l. Let y(n) = n**2 + 6*n + 9. Calculate y(l).
9
Let y(g) = -4 + g - 2 + 6 + 5. Calculate y(-6).
-1
Let n(q) be the first derivative of q**4/4 - 5*q**3/3 + 3*q**2 - q + 14. Calculate n(5).
29
Let a(z) = z**3 - 4*z**2 + 3*z - 2. Let q(p) = -19*p + 21. Let i be q(1). Determine a(i).
-4
Let p(q) = -2 + 2 + 4 - q**2. Let l be (-726)/198 - (-40)/6. Give p(l).
-5
Let m = 63 - 60. Let y(o) = 5*o - 7 - m*o + 0 + 2. Calculate y(6).
7
Let f(m) = m - 16. Let a be -3 + (4 - 2 - -19). What is f(a)?
2
Suppose m = 2*m - 4. Suppose 29*q - 22 = 18*q. Let r(k) = 2*k - q*k + k**3 + m - 4*k**2 - 7*k. Determine r(5).
-6
Let p(i) be the first derivative of -15*i**2/2 - 2*i - 160. What is p(1)?
-17
Let i(s) be the first derivative of -7*s**2/2 - 7*s + 71. What is i(-6)?
35
Let s(c) = -c. Suppose 0 = -8*n + 24 + 32. Let i = n + -13. Calculate s(i).
6
Let n(t) = -t - 7. Let q be 6*(-1)/4 - 104/16. What is n(q)?
1
Suppose 3*a - 23 - 16 = 3*b, 5*a = 4*b + 64. Let d = a - 2. Suppose 4*t = -10 - d. Let l(k) = k**3 + 4*k**2 - 4*k + 6. Give l(t).
1
Let o be ((-6)/15)/((-3)/60). Let a(j) = j**2 - 12 + o*j - 18 + 17. Calculate a(-10).
7
Let i(l) = -91*l + 2*l**2 + 166*l - 2*l**2 + 5 - 80*l - l**2. Let f = 12 + -7. Suppose m - f*o + 30 = -m, 0 = -4*o + 16. Calculate i(m).
5
Let y(g) be the second derivative of 29*g**4/12 + g**2/2 - 51*g. Give y(-1).
30
Let a(o) = o + 8. Let r = -125 - -114. Calculate a(r).
-3
Let f = 94 + -43. Let p = f - 60. Let g(k) = -k**2 - 10*k - 4. Give g(p).
5
Let z(h) = 15*h - 38. Let n(y) = -5*y + 12. Let m(v) = -8*n(v) - 3*z(v). Determine m(10).
-32
Let f = -9 + 21. Let a be (-20)/6*f/8. Let h be ((-24)/30)/((-2)/a). Let j(d) = -d**3 + 3*d + 2. Determine j(h).
4
Let v(s) = -163691*s + 163691*s - s**2. Determine v(1).
-1
Let b be (0/5 - 3)/(2/(-24)). Suppose 5*m - 17 = 3, -3*m = 2*o - b. Let t(u) = -u + 7. What is t(o)?
-5
Let l(a) = -a + 4. Let o(w) = 2*w - 9. Let p(k) = 13*l(k) + 6*o(k). Let g(b) = 2*b + 4. Let q(t) = -4*g(t) - 9*p(t). What is q(7)?
9
Let a(o) = -2*o - 2. Let p(q) = q**3 - 10*q**2 - 11*q + 9. Let w be p(11). Let r = 9 + w. Let h = r + -22. What is a(h)?
6
Let m(b) = 6*b**3 - 2*b**2 + 1. Let q(z) = -z**3 - 12*z**2 - 10*z + 10. Let f be q(-11). Calculate m(f).
-7
Let y = 8 - 3. Let j be 0 - -4 - (y - 6). Let v(c) = c**2 - c + 1. Let h(n) = -14*n**2 + 6*n - 4. Let t(m) = j*v(m) + h(m). Determine t(-1).
-9
Suppose -60*s - 8 = -68*s. Let v(u) = 7*u**2 + u. Determine v(s).
8
Let j(b) = -10 - 7*b**2 - 6*b - 9 + 15 + 6*b**2. Calculate j(-6).
-4
Suppose -5*q + n + 1844 = -n, 0 = q - 2*n - 372. Let x(i) = 0*i**2 + 2*i - q + i**2 + 366. Let h = -1 - 3. Determine x(h).
6
Let b(g) be the second derivative of -g**4/6 - 67*g**3/6 + 21*g**2 + g - 165. Calculate b(-34).
8
Let r(h) = h**2 + 2*h + 1. Let d(t) = -1 - 4*t + t + t. Let q(p) = 2*d(p) + 3*r(p). Let n = -2 + 0. What is q(n)?
9
Let u(y) = y**2 - 10*y - 9. Let r be -20 - -23 - 49/1. Let x = r + 56. Determine u(x).
-9
Suppose -66 = -5*l + 3*l. Let i = 33 - l. Let m(y) = -y**3 + y**2 + y + 1. Give m(i).
1
Let y(h) = -5*h**2 + 2. Suppose -50 = -6*q + 4*q. Let c(l) = 29*l**2 - 52*l**2 - 1 + q*l*